mber?
True
Let b = -43 - -16. Let v(r) = 2*r**3 - r**2. Let k be v(4). Let d = k + b. Is d a composite number?
True
Let a = 8936 - 2957. Suppose a = m + 2*m. Is m a composite number?
False
Let f(o) = 7*o + 4*o**2 + 1 - 2*o**2 - o**3 + 0*o. Let g be f(5). Let u = -33 - g. Is u a prime number?
False
Let n = -25567 - -46206. Is n a composite number?
False
Is 1451955/(-6)*128/(-160) a prime number?
False
Let g(y) = 5*y**3 + 2*y**2 - 3*y + 1. Let n be g(1). Let b be 4 - (7 - (n - 2)). Suppose -4*w + h + 2*h = -175, -3*h + 9 = b. Is w prime?
False
Let r = -87 + 81. Let v be 2 - 1/(2/r). Suppose 119 = j + 4*u, 3*j - 379 = v*u + 12. Is j a composite number?
False
Suppose -17*t + 312953 + 324938 = 0. Is t a composite number?
True
Let q be (-32)/(-10) - 8/40. Let a(j) = 6*j + 1 - 21*j**2 + 19*j**2 + j**3 + j**q. Is a(4) prime?
False
Let y be (-6)/(-12)*((-4 - -4) + 20). Suppose 11*r = y*r + 5711. Is r a composite number?
False
Let q = -65699 + 141088. Is q a composite number?
False
Let w be -1*4/2 - 165/(-15). Let v be (-38)/8 - (w/(-4))/3. Is 3134/(-2)*(v - -3) composite?
False
Let c(r) = -34*r**3 - 11*r**2 + 7*r + 29. Let g be c(-7). Suppose 5*i = -q + g, -4*q = 5*i - 0*i - 11097. Is i prime?
True
Let k(a) = 1320*a - 3109. Is k(12) a prime number?
False
Let q be 15*5/15*10/25. Suppose -q*v = -x + 1079, -x + 4*v + 1081 = -0*v. Is x a prime number?
False
Let r(o) = -101*o**3 - 2*o**2 - o - 7. Let p = 45 + -25. Let w be (22/8 + -2)/((-5)/p). Is r(w) a composite number?
True
Let f = 56826 + -14725. Is f prime?
True
Let c = -2313 + 526. Let g = c + 2736. Is g prime?
False
Let n = 161325 - 78386. Is n a prime number?
True
Let l = 17771 - -10578. Is l a composite number?
False
Suppose 533896 = 5*k + v - 87167, -3*k + 372633 = 3*v. Is k a composite number?
False
Let t(v) = 2*v**3 - 6*v**2 + 6*v - 14. Let q be t(4). Let g = q - -253. Is g a composite number?
True
Suppose 4*j - j - 54 = 0. Let v be (4/(-12))/((-1)/j). Is 12/(-6) + 14*v a prime number?
False
Let t be ((-12)/(-14))/(5/(210/9)). Suppose 13089 - 152913 = -t*m. Suppose 0 = 16*y + 11900 - m. Is y a prime number?
False
Suppose -4*r + 467679 = f - 645570, -2*r + f + 556617 = 0. Is r prime?
False
Let t be (-2)/(-5)*-5*(1 - 0). Is -1 + 3280 + (t - (-1 + -3)) composite?
True
Let d be (7/((-70)/(-4)))/(1/10). Suppose d*a - 18736 = -12*a. Is a a prime number?
True
Let j = 1830 - 236. Let d = j + 3787. Is d composite?
False
Let c(o) = -14*o**3 - 74*o**2 + 251*o + 109. Is c(-34) a prime number?
False
Suppose -12*x - 5 = 2*v - 9*x, -3*x = -3*v. Is (-1)/(9948/(-9942) - v) prime?
True
Suppose -3*b = -4*q + 1461230, -8*b + 5*b = -q + 365321. Is q a composite number?
False
Let r = -4487 + 2104. Is (18/108 + r/(-3))*2 a composite number?
True
Suppose -h - 4*v = 16, -6*h + 25 = -h - v. Suppose 44800 = 4*t - 5*j, 3*t - j - 33600 = -h*j. Suppose -t + 1147 = -9*z. Is z a composite number?
False
Suppose 0 = -2*t - 227 + 81. Suppose 0 = r - 2*p - 846, p - 993 - 1573 = -3*r. Let n = t + r. Is n a composite number?
True
Let g(z) = 3*z**2 - 20*z - 96. Let w be g(-55). Let c = w - 4852. Is c a prime number?
True
Let d be 15/6*(-202)/(-5). Let f = d - -213. Suppose -19*l + 21*l = f. Is l a prime number?
True
Let k(p) = 2*p**3 + 65 - 72 - 2*p**3 - p**3 - 3*p**2. Let g be k(-4). Suppose g*q - 7233 = 6*q. Is q composite?
False
Suppose -45 + 525 = -6*h. Let s = h + 559. Is s composite?
False
Let f(j) = -j. Let x(r) = 5*r - 13. Let p(t) = -6*f(t) - x(t). Let a be p(-12). Let o(z) = 96*z + 1. Is o(a) a composite number?
False
Suppose 62835 = -13*v + 347353. Suppose 2*i + x = 20603, v - 1286 = 2*i - 2*x. Is i composite?
False
Let u be (-17 - -18)/((-2)/(-76)). Let k(v) = -2*v**3 - 7*v - 44*v**2 + u*v**2 - 4 + 5. Is k(-6) a composite number?
True
Let y be ((-3)/1)/(2/(-62)). Let q be ((-64)/(-12))/((-9)/(-432)). Let b = q - y. Is b prime?
True
Let t be 0 + (2/(-3))/(42/(-189)). Is (-23727)/11*(-1)/t prime?
True
Let f = 46623 - -33518. Is f composite?
False
Let d = -63 - -80. Suppose 4 = 16*l - d*l. Is (-1977 - l)/(1 + -2) a composite number?
False
Let z = -33 - -60. Suppose z*x - 28*x + 31 = 0. Suppose -8 = i - x. Is i a composite number?
False
Let v(i) be the third derivative of 4/3*i**5 - 1/6*i**4 + 17*i**2 + 0 + 0*i - 5/6*i**3. Is v(4) prime?
True
Suppose -2*v - 5*p = 3473 - 180726, v - 5*p - 88664 = 0. Is v a prime number?
False
Let t(w) = 25379*w - 517. Is t(4) composite?
False
Suppose -3*x + 96 - 801 = 2*u, u = 5*x - 359. Let g = u - -1853. Is g a composite number?
False
Let a(z) = z + 3. Let c(m) = 2338*m + 123. Let j(t) = -4*a(t) - c(t). Is j(-4) a prime number?
False
Let q be 2 - (4 + (-1 - 3)). Suppose -2508 = q*a - 198. Let p = 3086 + a. Is p a prime number?
True
Let o(z) = -62*z - 314. Let p be o(-5). Is 461586/(-152)*(p + 0) prime?
False
Is (515962/(-9))/(((-924)/(-297))/(-14)) a prime number?
True
Let k(h) = -128*h - 17. Suppose -2*s + 23 = -17. Let n = 15 - s. Is k(n) prime?
False
Let z = 643 - 351. Suppose -z = -4*p + 240. Is p a composite number?
True
Let h(u) = -u**2 - 4*u - 1. Let j be h(-4). Let a be (7 + 90/(-12))/(j/(-2)). Is 3 - ((a + 2 - 1) + -391) prime?
False
Let k be (-40605)/(-10)*(-20)/(-15). Suppose 43*j - 41*j = k. Is j a prime number?
True
Suppose 649*i - 322*i - 9317989 = 310*i. Is i a prime number?
True
Is (-64 + 65)/((9/71607)/3) prime?
True
Is (-192)/(-192)*(-2 - 6637*3)/(-1) prime?
True
Let h(d) = -d**3 + 4*d**2 + 5*d. Let a be h(4). Suppose 27*o = a*o + 33187. Is o a composite number?
True
Let w(f) = -36*f**3 - f**2 - f - 1. Suppose -17 = -5*b + 2*c - 0*c, 19 = 5*b - 4*c. Suppose 5*z + 9 = 3*p - 2, -2*p + b = z. Is w(z) composite?
True
Let i(k) = -3044*k + 5575. Is i(-51) a composite number?
True
Let j be (2 + (-36)/15)/(5/75). Is (-35239)/j - (-74)/(-444) composite?
True
Let h(i) = 265741*i - 1694. Is h(3) a prime number?
False
Let z(r) = r**2 - 18*r + 39. Let u be z(14). Let i = u - -20. Suppose m = -2, 2*o - i*m - 612 = -2*m. Is o prime?
False
Let i be 502/4 + (-10)/4. Suppose i*c = 118*c + 26170. Is c prime?
False
Let o(f) = 274*f**2 - 5*f - 2. Let a(m) = -4*m**2 + m - 1. Let n(b) = -b**2. Let d(t) = -a(t) + 3*n(t). Let x(u) = -d(u) + o(u). Is x(-2) a composite number?
False
Suppose -q = 4*r + 4*q - 50266, -4*q + 37700 = 3*r. Let x = r + -7079. Is x a composite number?
True
Let w be (18084/18)/(2/33). Let x = w + 3236. Is x prime?
True
Suppose -39*k + 49810 = -44*k. Let s = -6657 - k. Is s a composite number?
True
Suppose -3889669 = -140*l + 1581840 + 2321871. Is l composite?
False
Let o(b) = -24*b**3 - 9*b**2 + 18*b - 49. Is o(-8) a composite number?
False
Suppose 5*y - 11*u - 226193 = -7*u, 3*y - 4*u - 135727 = 0. Is y a prime number?
True
Suppose -104*r + 90*r + 168 = 0. Suppose r*j + 115866 = 30*j. Is j composite?
True
Let q(m) = -752*m**3 - 5*m**2 - 29*m - 467. Is q(-8) composite?
False
Let h(m) = 1007*m - 59. Let q be h(-7). Let t = 11537 + q. Is t a composite number?
True
Let m(h) = 17*h**2 + 10*h - 10. Let j(y) = 2*y**2 + 9*y + 12. Let t be j(-2). Suppose -t*s = -3*o - 21, s + 5*o + 9 = -0*s. Is m(s) composite?
True
Let g(q) = -91*q - q**2 + 41*q + 49*q + 276 - 37. Is g(0) a prime number?
True
Suppose -226*g = -124*g - 116*g + 322658. Is g prime?
False
Let m(w) be the first derivative of -5*w**4/2 - 16*w**3/3 - 5*w**2/2 - 4*w + 20. Let z be m(-11). Suppose 15*c + z = 20*c. Is c a composite number?
True
Let a(v) = 4*v**2 - 45*v + 17. Let j be a(11). Suppose j*i - 2*i + 5*g = 43877, -3*g = 5*i - 54856. Is i prime?
True
Let s(k) = -3713*k - 910. Is s(-15) a prime number?
False
Is (-3)/(-2) - (-6)/(12/3083) composite?
False
Let y = 101 - 79. Suppose -3*o - 5 = -4*j + y, -4*j - 5*o + 51 = 0. Is ((-51)/j + 0)/(5/(-1005)) a composite number?
True
Let j(r) = 11*r**2 - 6*r + 44. Let i be ((-10)/(-6))/((3 - -2)/(-45)). Is j(i) a composite number?
False
Suppose 3*w - 30 = 6. Let c be (-14 + w)*(1 - 2). Is (3 - c)*22 + 0 a prime number?
False
Let m be ((-20)/(-5))/(-4)*-5. Suppose -3*o + 15320 = m*o. Is o a composite number?
True
Suppose -f + 152087 = 4*h, 152*h - 156*h + 760371 = 5*f. Is f prime?
False
Suppose -9*a - 2833605 = -4*a - 50*a. Is a a prime number?
True
Let c = -288 - -136. Let t be (c/(-6))/(4/(-468)*1). Is t/(-3) + -2 + (-1)/1 a prime number?
False
Let l = -12 - -17. Let x(o) 